mmon factor of 76 and d?
19
Let z(s) = -s**3 - 10*s**2 - 2*s - 95. Let u be z(-11). Let g = 1488 - 984. Calculate the greatest common divisor of u and g.
24
Let a(q) = q**3 - 29*q**2 + 48*q + 170. Let b be a(27). Suppose 99*o = 105*o - 216. What is the greatest common factor of o and b?
4
Let d(r) be the first derivative of 12*r**2 + 19*r + 88. Let a be d(4). Let w be 91/2 - (-2)/4. Calculate the greatest common divisor of a and w.
23
Let f be 48/(-288) - (-163)/6. Let j = f + -20. Calculate the greatest common divisor of 7 and j.
7
Let m = -4020 + 4088. Let i(x) = 0 - 14*x + 1 + 6*x. Let b be i(-2). What is the highest common divisor of m and b?
17
Let o(v) = 13*v**2 + 41*v + 93. Let c be o(-6). Calculate the highest common factor of c and 99.
9
Let d(f) = 3*f - 19. Let m(n) = 1 + 2*n**2 - 5 - 6*n**2 + 7*n**2. Let l be m(2). Let v be d(l). What is the highest common factor of 5 and v?
5
Suppose y - 10401 = -26*y + 10659. What is the greatest common factor of 60 and y?
60
Let f(c) = 52*c - 9 + 2 - 12 - 17*c. Let u be f(1). Calculate the greatest common divisor of 96 and u.
16
Let k = -347 + 349. Suppose -k*z = 2*z - 36. What is the highest common factor of z and 603?
9
Let o(g) = 3*g**3 + g**2 - 4*g + 2. Let b be o(3). Let s(f) = -1300*f + 34160. Let l be s(26). What is the greatest common factor of b and l?
40
Suppose -2*f + 21 = 11. Suppose -2*q + 4*y = -0*y - 44, 3*q + f*y = 11. Calculate the highest common factor of q and 108.
12
Suppose -r + 3*f + 583 = -279, -3*r - 3*f = -2598. Suppose 7*v + r = 13101. Calculate the greatest common factor of v and 76.
76
Suppose 0 = -n + 5*v + 139 + 43, 4*v - 704 = -4*n. What is the greatest common factor of 1003 and n?
59
Suppose -16*t = -20*t + s + 114, -2*t + 3*s + 52 = 0. Suppose -2*p - t + 55 = 0. Calculate the highest common factor of 13 and p.
13
Suppose 5*d = -10 + 25. Let q(u) = -3 - d + 59*u + 0 + 3. Let l be q(1). What is the highest common divisor of l and 7?
7
Let k(x) = -140*x + 7. Let l be k(-4). Let o be (-296)/(-14) - 9/63. Calculate the greatest common factor of l and o.
21
Let a be ((-3)/4*(-4)/6)/(51/2040). Calculate the greatest common factor of 1 and a.
1
Suppose 306*o - 303*o + 2*p - 3 = 0, -9*p + 2 = 2*o. Let m(c) = c**2 - 2*c. Let d be m(4). Calculate the greatest common factor of d and o.
1
Suppose -2*t = 2*t, 4*t = -2*d - 20. Let p = d - -50. What is the highest common divisor of p and 90?
10
Let n(q) = -160*q + 3795. Let c be n(16). What is the highest common factor of c and 9139?
247
Let g be 0 + (0 - -1)*70. Let b be (-3232)/(-33) + 1448/23892. What is the highest common factor of g and b?
14
Let f be (-113904)/(-105)*(11 - 7 - 2/3). What is the greatest common divisor of 32 and f?
32
Let u(i) = i**2 - 10*i + 75. Suppose -3*v - 36 = -51. Let h be u(v). Calculate the highest common factor of 30 and h.
10
Let h = -59 + 61. Suppose w = 5 - h. Suppose -z + 45 = w*j, 0 = 3*j - z - 0*z - 45. What is the highest common factor of j and 15?
15
Suppose 2*u = -4*u + 3*u. Suppose u = 5*l + 5*h - 85, 3*l + 23 = 3*h + 68. Let a = l + -13. Calculate the highest common factor of a and 2.
1
Suppose 0 = -94*w + 95*w - 3*b - 19, b = -2*w + 31. Calculate the highest common factor of w and 1296.
16
Let j be (-4)/18 + (-22097)/(-171). Let p = -141 + j. Let m be ((-51)/2 + 0)*p/9. What is the greatest common factor of m and 136?
34
Let o be (-1 + 2)*(-8 + 3) - -5. Suppose 27*v + 14*v - 31365 = o. Calculate the greatest common factor of 45 and v.
45
Suppose 18*c = 10*c + 24*c - 800. Calculate the greatest common factor of 80 and c.
10
Suppose 0 = -y + 9 - 4. Let k = -17 + 50. Suppose -k*r = -32*r - 2. Calculate the highest common divisor of r and y.
1
Let d(f) = -32*f - 211. Let m be d(-7). Let h be 106*2*m/(-20)*-5. What is the highest common divisor of 13 and h?
13
Let i(z) = -24*z + 81. Let r(o) = 13*o - 41. Let n(c) = -5*i(c) - 9*r(c). Let j be n(17). Calculate the highest common factor of j and 3.
3
Let v(d) = d**3 + 21*d**2 + 15*d - 333. Let q be v(-19). Suppose -5*x = -8*x + 78. Calculate the greatest common divisor of q and x.
26
Let z = -3698 + 3816. What is the greatest common factor of z and 4307?
59
Suppose 14*b + 591 = -1551. Let p = b + 186. What is the highest common factor of 9 and p?
3
Let c be ((-10)/4)/(2/(-80)). Let u = 179263 - 179253. What is the greatest common divisor of c and u?
10
Let r(j) = -164*j - 65. Let h be r(-5). Suppose 32*k = -115 + h. Calculate the greatest common factor of k and 180.
20
Let m(b) = 8038*b**3 + 3*b**2 - 4. Let l be m(1). Calculate the highest common divisor of l and 18.
9
Let y = -3634 + 3664. What is the greatest common factor of 345 and y?
15
Let d = -732 - -737. What is the highest common factor of 2945 and d?
5
Suppose 5*a + 19*w - 21*w - 480 = 0, -3*a + 2*w = -284. Let z(p) = -4*p + 44. Let o be z(10). Calculate the highest common divisor of a and o.
2
Let l(m) = -m**3 - 43*m**2 - 61*m - 785. Let q be l(-42). Suppose -420 + 138 = -2*i - 4*t, 0 = i - 4*t - 147. Calculate the greatest common factor of i and q.
13
Suppose 0 = 2*x + 4*h - 348 + 6, 3*h = 3*x - 468. Suppose -2*w = x - 179. What is the greatest common divisor of 144 and w?
9
Suppose p = -p + 38. Let w(h) = h**2 + 3*h + 1. Suppose 2*m - 26 + 38 = 0. Let d be w(m). What is the greatest common factor of d and p?
19
Let v = -6861 + 6924. What is the highest common factor of 1062 and v?
9
Suppose -29080 = -16*q + 46536. What is the greatest common divisor of q and 139?
139
Let s be (-20)/((-5)/((-270)/(-4))). Let z be (-640)/400 - 316/(-10). Calculate the greatest common divisor of s and z.
30
Suppose 0 = 668*g - 638*g - 264060. Calculate the highest common factor of g and 27.
27
Let j(z) = 5*z**2 - 3*z - 2. Let b be j(-1). Suppose 19*v - 45*v + 37*v - 22 = 0. Calculate the greatest common factor of v and b.
2
Let q(v) = -v**3 + 8*v**2 + 12*v + 4. Let a be q(6). Let u = 185 - a. What is the greatest common divisor of u and 37?
37
Let l(x) = 849*x + 49. Let y be l(-1). Let j = 855 + y. Calculate the greatest common factor of 55 and j.
55
Let k be (-232407)/(-408) + -5*(-15)/200. Calculate the highest common factor of 2166 and k.
114
Suppose 0 = -1358*k + 1290*k + 276080. Calculate the greatest common factor of 28 and k.
28
Let s be (-4 - (-6 + 1))/((-3)/(-1155)). Let q = -189 + s. What is the greatest common divisor of 84 and q?
28
Suppose 4*l = -2*p + 5 - 1, 5*l = -p + 2. Let w be (-162 - -143)/((-1*p)/2). What is the greatest common divisor of 703 and w?
19
Suppose -3*r - 1120 = -3*y + 725, y = -4*r + 590. What is the highest common factor of y and 2501?
61
Let r(q) = q**2 - 2*q + 4. Suppose -3 = -5*w - 8. Let i be w - 0 - 32/(-8). Let x be r(i). Calculate the greatest common divisor of x and 119.
7
Suppose -135*t + 3028 + 13037 = 0. Calculate the greatest common factor of 35 and t.
7
Let f(s) = s**2 + 178*s - 4815. Let d be f(-202). Calculate the greatest common factor of 762 and d.
3
Let h(r) = 13*r**2 - 715*r + 39. Let k be h(55). Suppose -l - 260 = -6*l. Calculate the highest common divisor of k and l.
13
Let v(p) = 20 + 31*p - 38 - 7. Let r be 12/1*1/30*10. Let i be v(r). Calculate the highest common divisor of i and 11.
11
Let z(t) = 4*t + 46. Suppose 8*o - 9*o = 10. Let h be z(o). What is the highest common factor of 24 and h?
6
Let f = 127 + -15. Let q be (4/(f/819))/(1/4). Calculate the greatest common divisor of 18 and q.
9
Let o be (1531 + -5)*247/26. What is the greatest common factor of 133 and o?
133
Let i be 306/4*(-66)/(-9). Let z = 633 - i. Calculate the highest common divisor of z and 9.
9
Suppose -43*l + 20*l = -5336. Let a = -71 + l. What is the greatest common divisor of a and 23?
23
Let h = -3 - -28. Let b(i) = 5*i + 3*i + h*i**3 - 5 - 4*i - 19*i**3. Let w be b(1). What is the highest common divisor of w and 15?
5
Let v(r) = -6*r**2 + 2*r + 350. Let q be v(0). Suppose -2*i = -4*j - 412, -12*j = -9*j + 9. What is the highest common factor of i and q?
50
Suppose -5*x - 3*r + 304 = 0, 0 = 4*r + 6 + 2. Let y be (-4)/(-7) - (10 - 55627/77). What is the greatest common factor of y and x?
31
Suppose 59 + 373 = -12*k. Let a(j) = 6*j + 253. Let r be a(k). What is the highest common divisor of 999 and r?
37
Suppose -q - 175 = -4*z + 195, 3*q + 76 = z. What is the highes